luate -37 - (22 - 25 - 19) - -54.
39
4 + 3 + 0 + (26 - 11) + 22
44
Evaluate (-595 - -705) + -2 + -194.
-86
Calculate -1235 - -1074 - (-3 + 0 - 26).
-132
What is -2 + 56 + -51 + (113 - 20)?
96
What is the value of (-13 - -9) + 1 + 8?
5
What is the value of 19 + -44 - (-3 - 13)?
-9
What is 11 - (10 - 22 - (14 + (-33 - -6)))?
10
Evaluate -16 + 1 + -1 + (-3015 - -3008) + -17.
-40
Calculate 4 + 28 + -58 + -14 + 34.
-6
-10 + 3 - (-123 + 127) - -44
33
What is the value of -139 + 125 + 95 + -18?
63
-9 + -1 + (21 - (9 + 10)) + 7 + -11
-12
Evaluate 0 + (1 - 16) + (11845 - 11815).
15
Calculate 29 + (18 - 38) + 28 - (-15 + 0).
52
-46 + (22 - (7 - (-3 + (-1 + 13 - 12))))
-34
Calculate 19 - (18 - -14 - -19).
-32
What is the value of -1 + (25 - (-8 - 2 - -24)) - -7?
17
Evaluate -1 + (-1 - -6) + -316 + 307 - -9.
4
40 + (37 - 124) - -53
6
Evaluate -18 + (-3 - 16 - -11) + 19.
-7
Calculate -3 - -44 - 47 - (-29 + (-1 - -1)).
23
220 + -169 + -27 + (1 - -24)
49
Evaluate -83 + 114 + -176 - -176.
31
What is the value of 9 + (-58 - -22) + (4 - -5) - -12?
-6
What is the value of -298 + 109 + 192 + (-1 - (-1 - 0)) + 6?
9
Calculate -16 + 0 + 7 - -4 - -5 - (74 - 0).
-74
What is the value of 27 + (50 - (63 + -33) - -29)?
76
-57 - (-24 + -8 + 4)
-29
Calculate 0 + 60 + 1872 + -1885.
47
Evaluate (1 - 33) + (68 - (20 - -53)).
-37
What is the value of (-33 - -13) + (4 - -5) - 23?
-34
Calculate -22 + 37 + (25 - (-9 + 21)).
28
What is the value of -17 - (-18 + (-22 - -10)) - 1?
12
Calculate -155 - -160 - (-2 + 67 - (4 - -4)).
-52
Evaluate -1 + (3 - 0) + 35 + (1 - -2) + 5.
45
Evaluate 62 + -72 + 24 + -86 + 0 + 3.
-69
Evaluate 23 + 40 + (29 + -32 - (1 + -1)) + -2.
58
Evaluate -55 - ((-2 - -21) + -100).
26
What is the value of 50 + (4 - 91) + (5 - -1 - 18)?
-49
Calculate -143 + (-1 - -3) - (1493 - 1512).
-122
What is the value of (14 - (17 + -10)) + -5 + 74?
76
108 - 83 - -25 - 10
40
What is (-16 - -1) + -14 - (1 - (-1 + -2 + -4))?
-37
Calculate -29 + -53 - 23 - -30.
-75
(18 - (-245 + 306)) + -1 + -2
-46
What is the value of -4 + 14 + (-11 - -7) + (-69 - (10 + 6))?
-79
What is the value of 71 - (4 + (0 - -35 - 31 - (0 + 18)))?
81
What is (4 - (-8 - -5)) + -2 - (-19 + 14 + 51)?
-41
What is the value of (27 - 63 - 7 - -19) + (-3 + -4 - -1)?
-30
Evaluate (-55 - -158) + -109 + (2 - 8 - -91).
79
Evaluate -94 + (134 - (115 - 67)).
-8
Evaluate 5 + (0 - (-1 - 12) - (1517 + -1493)).
-6
What is the value of 117 + (41 - 11) + -91?
56
What is (-3 - -1) + 11 + -48 + 36 - (2 - -27)?
-32
What is -20 - (3 + -35) - (-3 - -92) - (17 + -1)?
-93
Calculate (-57 - -80) + (11 - 9 - -14).
39
What is -101 - (26 - 165 - 13)?
51
What is the value of -55 + 2 - (1 + 2 + -3) - (-97 + 85)?
-41
What is 13 + (42 - (52 + -27)) + (-1 - 7)?
22
Evaluate -68 + (-2 - 3 - (-38 + 34)) - (-9 + 4).
-64
What is -36 + (30 - 33) - -56?
17
What is the value of (11 - (-19 + 2) - 15) + (57 - (-12 + 3))?
79
6 - (40 + (57 - 66))
-25
12 - (-9 - (3 - -5) - (-48 - -58))
39
Evaluate (89 - (39 + 34)) + -34 + 0.
-18
What is 16 + 40 + -13 + -63?
-20
Evaluate ((13 + 0 - 0) + -6 - 27 - -12) + 111.
103
Evaluate (0 - -65) + 34 + -44 + -13.
42
-1169 + 1203 - (2 - -9)
23
Evaluate 16 + (-3 - (-3 + 8 - 17) - -10).
35
Evaluate 34 - ((11 - -97) + -11).
-63
Calculate (28 - (22 - 11)) + (92 - 175).
-66
What is the value of (4 - (0 - (4 - 9))) + 136 + -132?
3
Evaluate 102 - 288 - (10 + -54 - -7).
-149
Evaluate -56 - (8 + 23 + -44 + 30).
-73
-92 + -10 - (-22 + (-19 - -71))
-132
Calculate 47 + ((25 - 3) + -15 - (10 + 1)).
43
What is (43 - 21) + 10 + -94 - (-1 + 14)?
-75
What is -31 - (-41 - (53 + -33))?
30
Evaluate 16 + (8 - -5) + -34 + (-5 - -5).
-5
What is 34 - (30 - -4) - 40?
-40
What is the value of (0 - 4 - (52 - 46)) + -2 + 4?
-8
What is the value of (0 - 1 - 6) + -2 + 13 + -55 + -2?
-53
(4 - (-1 + -96)) + -43
58
Evaluate 1539 + -1605 + 2 + 1.
-63
-9 + -40 + 2 + (-37 - (49 - 75))
-58
What is the value of 17 + -188 - -65 - -114?
8
(-102 - -10) + (61 - 13)
-44
Evaluate -3 + -22 + 34 + 6.
15
What is the value of -13 + ((-35 - -5) + -50 - (0 - 19))?
-74
What is the value of -464 + 446 + (8 - 16) + 22?
-4
What is 86 + (-151 + 57 - 16)?
-24
What is (1 - 26) + -111 + (52 - -85)?
1
151 - 1 - ((-79 - -116) + -15)
128
What is -28 + 40 + -8 + -3 + -9?
-8
What is (-4 - -20) + (6 - 16) + 22?
28
84 + (-57 - (17 + -17))
27
What is 5 + -14 + 28 + -9 + -38 + 25?
-3
Calculate -87 + (166 - (114 + -54)).
19
What is the value of (-54 - -78 - (-4 + -4 + 23)) + 5?
14
What is the value of -42 + -1 + -1899 + 1938?
-4
27 - (-1 - (29 + -73))
-16
What is -55 + -23 - (-15 - 80)?
17
Calculate 13 - 0 - (-11 + 54 - 30).
0
(-45 - -20) + (-9 - -10) - (1 + -3)
-22
4 + (-6 + -8 - 0 - (-13 + -4 + 7))
0
Evaluate 163 + 54 + (-57 - 79).
81
What is -8 - 0 - (-205 - -226) - -3?
-26
Evaluate -21 + 112 + 97 + -107.
81
What is the value of 43 + (80 - 152 - 29)?
-58
Evaluate 2 - 110 - ((-8 + -7 - (1 + -20)) + -16).
-96
Evaluate -1 - 23 - (-134 - (-32 - (36 + -49))).
91
What is -10 - (-15 + 69 + -21 - 21)?
-22
Calculate 10 - (-6 + 21 - -1) - 8.
-14
12 - (-40 - (-99 + (62 - 40)))
-25
Calculate 2 + -3 + 7 + -4 + -73 + (30 - 10).
-51
-65 + (257 + -30 - 131)
31
-130 + (101 - (-75 + 88))
-42
What is 50 - (44 + -124 + 80)?
50
Calculate -26 - (-80 - (7 - 29)) - -29.
61
18 + 18 + -60 + 44
20
What is 10 + (-4 + -2 + 3 - 6)?
1
What is (-269 - -245) + (-1 - 15) + -2?
-42
Evaluate (-4 + 4 - (-21 - (9 + -28))) + -2 + -27.
-27
-30 - (-30 + 69 + -44)
-25
Evaluate 2 + -10 - (23 + (14 - 20) + 15).
-40
Calculate -6 + -8 - ((47 - 21) + (-128 - -5)).
83
What is (44 + -16 - (79 + -48)) + -48?
-51
-88 + 41 + ((8 - 2) + -1 - (32 + -27))
-47
-49 + (27 - -2) + -19 + -9
-48
What is 74 - 10 - 173 - -116?
7
Calculate (-9 - -9) + 5 - (-3 + (8 - 7)).
7
What is 14 - (-86 + (-14 - -28))?
86
Calculate (0 - -2) + (22 - (30 + 18)) + 54.
30
Calculate 52 - 31 - (0 + -3 + (-23 - -142)).
-95
What is the value of (-56 - -9) + -7 - -5?
-49
Evaluate (4686 - 4600) + (-83 - 0).
3
What is the value of 7 + 44 + -418 + 225?
-142
What is -53 - ((-75 - -77) + 27 + -2)?
-80
What is (11 - 15 - -8) + -1 + 16 + -8?
11
Calculate -107 + (65 - (3 - -23)).
-68
Evaluate 77 + -12 - (-17 + 7 - 7).
82
((-4 - -16) + 1 - (-39 + -15)) + (-6 - -8)
69
What is 6 - (17 + (6 - 33))?
16
Calculate (-12 - (16 + -12)) + 6 + (-14 - (-76 - 1)).
53
(-24 - (-7 - 20)) + -41
-38
Evaluate (3 + 0 - 3) + (-240 - -301) + 0 + 4.
65
-1 + -2 + (-9 - -22) + -31 + -10
-31
Calculate 6 + (11 - 23 - 5 - -18) - -18.
25
Evaluate -2 - ((-50 - (-4 - 23)) + 18).
3
-7179 - -7211 - (0 - 60)
92
94 - 5 - (46 + -5)
48
Evaluate 160 - ((110 - 94) + 132).
12
Calculate 23 - ((15 - -14 - 46) + -22).
62
Evaluate (15 + -11 + 12 - 11 - (4 + -1)) + -27.
-25
Calculate 11 - (-6 - -1) - (2 + 14).
0
What is 18 + 0 + ((0 - (29 + -19)) + -7 - -7)?
8
(678 - 594) + -2 + -25
57
What is the value of (13 - (6 + 4)) + 3 + (1 - 16)?
-9
35 - (35 - 13) - -48 - (0 + 6 - 0)
55
(-98 - 2) + 15 + -1 + -17
-103
What is (352 - 350 - (5 - -1)) + -2 + -88 + -8?
-102
What is (10 + -11 - (15 + 0)) + (6 - -10) - 88?
-88
-1 + 2 + (49 - ((54 - 138) + 31))
103
Evaluate (-3 - -35 - (47 - 22)) + -1 + 5 - -48.
59
Evaluate 1 + -115 - (-27 + 6 + 8).
-101
Calculate -6 + -18 - (-80 - -27) - 7.
22
Calculate 8 - (17 + (-49 - (4 + -19))).
25
What is the value of (-7 - 5 - (-38 + 19)) + -18?
-11
47 - (-79 + (-9 - -84))
51
(1049 - 921 - (40 + -1)) + 26
115
Calculate (10 - -3) + (-81 - (-34 - -16) - -2).
-48
Calculate (3 - (-3 - (-11 + 7))) + (193 - 286).
-91
What is the value of 6 + 28 - 86 - -23?
-29
Calculate -13 - (-30 + -9) - (87 + 6).
-67
What is 3 - (0 + 18 + -28 + 22) - (-10 + -1)?
2
Calculate (-45 - -19 - 5) + -11 + -4.
-46
Evaluate (0 - 0 - (20 + -29)) + 6 - 7.
8
What is 72 - (242 - 119) - -20?
-31
-6 + 21 + (-21 - -4) + (30 + 2 - -2)
32
3 + (-45 - (-114 + 30))
42
(-16 - (-4 + 1 + 3 - 13)) + (-76 - -3)
-76
Calculate -19 + (160 + -140 - (3 + -6 + 72)).
-68
What is the value of -4 + -5 + 5 + 17 - (21 + -9)?
1
What is the value of 23 - (8 + -7) - (-5 + 4 + 2)?
21
-7 - (1 + -3) - (-2 + -19 - (-69 - -52))
-1
What is the value of -8 + 2 + 7 + (-24 - -16) - (0 + 30)?
-37
Evaluate -2 + 13 + -21 - 12 - (22 + -124).
80
Calculate -29 + 92 - 105 - -10.
-32
What is the value of 0 - -5 - (-99 - -11 - -117)?
-24
Evaluate -101 - (-168 + -34 + 14